{"id":54,"date":"2017-04-18T21:13:04","date_gmt":"2017-04-18T21:13:04","guid":{"rendered":"http:\/\/preview.spatzennest-heggen.de\/?page_id=54"},"modified":"2024-05-29T09:40:24","modified_gmt":"2024-05-29T09:40:24","slug":"anmeldung","status":"publish","type":"page","link":"http:\/\/spatzennest-heggen.de\/?page_id=54","title":{"rendered":"Anmeldung \/ \u00d6ffnungszeiten"},"content":{"rendered":"<h3><strong><u>Wir sind f\u00fcr Sie da:<\/u><\/strong><\/h3>\n<p><strong>Montags bis Donnerstags von 7.00 bis 16.30 Uhr<\/strong><\/p>\n<p><strong>Freitags von 7.00 bis 14.00 Uhr *<\/strong>\u2028(*abh\u00e4ngig von der gebuchten Stundenzahl)<\/p>\n<p><strong>\u00a0<\/strong><\/p>\n<p><strong><u>Kindergarten &amp; Familienzentrum Spatzennest <\/u><\/strong><\/p>\n<p>Ahauser Stra\u00dfe 20<\/p>\n<p>57413 Finnentrop-Heggen<\/p>\n<p>Telefon: 02721 &#8211;\u00a050419<\/p>\n<p>Internet: www.spatzennest-heggen.de<\/p>\n<p>Email: <a href=\"mailto:info@spatzennest-heggen.de\">info@spatzennest-heggen.de<\/a><\/p>\n<h2><strong>\u2028Sie m\u00f6chten ihr Kind bei uns anmelden<\/strong><\/h2>\n<p>Unser Kindergartenjahr beginnt und endet jeweils zum 1. August. Eine verbindliche Anmeldung ist aber aus Gr\u00fcnden der Personalplanung bereits zum Ende des Vorjahres notwendig. Ben\u00f6tigen Sie jedoch kurzfristig, z. B. wegen eines Umzugs einen Platz, so lohnt es sich immer bei uns anzufragen. Die f\u00fcr die Anmeldung notwendigen Formulare (Anmeldeformular + 2 seitige Bedarfsanzeige) k\u00f6nnen Sie direkt bei uns im Spatzennest erhalten oder den folgenden Downloads entnehmen. Ihre Anmeldung geben Sie bitte im Kindergarten ab oder senden ihn uns per Email. Mitte November befassen sich der Vorstand, die Elternvertreter und Kindergartenleitung \u00a0mit der Belegung f\u00fcr den August des folgenden Jahres. Kinder, die ber\u00fccksichtigt werden, erhalten anschlie\u00dfend eine schriftliche Best\u00e4tigung.<\/p>\n<p>In einer ersten Informationsveranstaltung, im Dezember bekommen Sie von uns ein umfassendes Informationspaket , das Ihnen einen Einblick in die Welt des Kindergartenalltags gibt. Zu einem sp\u00e4teren Zeitpunkt laden wir Sie dann zu einem pers\u00f6nlichen Aufnahmegespr\u00e4ch, sowie zu den Treffen der &#8222;Krabbelk\u00e4fer&#8220; ein.<\/p>\n<p>Der Kindergartenbeitrag richtet sich nach dem Einkommen der Eltern und wird vom Kreis Olpe\u00a0festgelegt.<\/p>\n<p>Als Mitglied in unserem Elternverein zahlt eine Familie j\u00e4hrlich 20,00 Euro, Alleinerziehende 10,00 Euro Beitrag (w\u00e4hrend der Zeit des Betreuungsvertrages werden Sie automatisch Mitglied).<\/p>\n<h2><strong>Unser Betreuungsangebot:<\/strong><\/h2>\n<p>Wir betreuen in unserem\u00a0Kindergarten\u00a0Kinder im Alter von 1,5 &#8211; 6 Jahren.<\/p>\n<p><strong><u>25 Stunden Betreuungszeit:<\/u><\/strong><\/p>\n<p><strong>Montag &#8211; Freitag 7.30 &#8211; 12.30 Uhr (Anzahl der Pl\u00e4tze ist begrenzt)<\/strong><\/p>\n<p><strong><u>35 Stunden Betreuungszeit:<\/u><\/strong><\/p>\n<p><strong>Montag-\u00a0Freitag \u00a07.00-14.00 Uhr (Block\u00f6ffnung mit Mittagessen\/kein Mittagsschlaf\/Anzahl der Pl\u00e4tze ist begrenzt)<\/strong><\/p>\n<p><strong>\u00a0<u>45 Stunden Betreuungszeit (mit Mittagessen und Mittagsschlaf):<\/u><\/strong><\/p>\n<p><strong>Montag &#8211; Donnerstag 7.00 &#8211; 16.30 Uhr und <\/strong><strong>\u2028<\/strong><strong>Freitag\u00a0 7.00 &#8211; 14.00 Uhr<\/strong><\/p>\n<p>Sollten Ihnen Beginn und\/oder Ende der Betreuungszeit nicht ausreichen bieten wir nach Absprache individuelle L\u00f6sungen an.<\/p>\n<p>Die Buchungszeiten sind f\u00fcr die Dauer eines Kindergartenjahres (1.August- 30.Juli) verbindlich und k\u00f6nnen nur f\u00fcr das folgende Kindergartenjahr ge\u00e4ndert werden.\u00a0 Eine \u00c4nderung ist im Oktober\/November der Leitung schriftl. mitzuteilen. Zwischenzeitliche Umbuchungen sind nicht m\u00f6glich. Mit ver\u00e4nderten Umbuchungen sind stets Personalkapazit\u00e4ten verbunden.<\/p>\n<p>Wenn Sie Fragen zum Thema Anmeldung haben, stehen wir Ihnen gerne zur Verf\u00fcgung. Schicken Sie uns einfach eine Email oder rufen Sie uns an.<\/p>\n<p><a href=\"http:\/\/preview.spatzennest-heggen.de\/wp-content\/uploads\/2024\/05\/Anmeldebogen-3.pdf\"><strong>Hier finden Sie unsere Anmeldeformulare als Download<\/strong><\/a><\/p>\n<p><a href=\"http:\/\/spatzennest-heggen.de\/wp-content\/uploads\/2024\/05\/Bestaetigung-der-Bedarfsanzeige-fuer-Kita.pdf\" target=\"_blank\" rel=\"noopener\">Hier finden Sie unser Best\u00e4tigung der Bedarfsanzeige f\u00fcr das Jugendamt als Download<\/a><\/p>\n","protected":false},"excerpt":{"rendered":"<p>Wir sind f\u00fcr Sie da: Montags bis Donnerstags von 7.00 bis 16.30 Uhr Freitags von 7.00 bis 14.00 Uhr *\u2028(*abh\u00e4ngig von der gebuchten Stundenzahl) \u00a0 Kindergarten &amp; Familienzentrum Spatzennest Ahauser Stra\u00dfe 20 57413 Finnentrop-Heggen Telefon: 02721 &#8211;\u00a050419 Internet: www.spatzennest-heggen.de Email: info@spatzennest-heggen.de \u2028Sie m\u00f6chten ihr Kind bei uns anmelden Unser Kindergartenjahr beginnt und endet jeweils zum [&hellip;]<\/p>\n","protected":false},"author":5,"featured_media":0,"parent":229,"menu_order":2,"comment_status":"closed","ping_status":"closed","template":"","meta":{"footnotes":""},"class_list":["post-54","page","type-page","status-publish","hentry"],"_links":{"self":[{"href":"http:\/\/spatzennest-heggen.de\/index.php?rest_route=\/wp\/v2\/pages\/54","targetHints":{"allow":["GET"]}}],"collection":[{"href":"http:\/\/spatzennest-heggen.de\/index.php?rest_route=\/wp\/v2\/pages"}],"about":[{"href":"http:\/\/spatzennest-heggen.de\/index.php?rest_route=\/wp\/v2\/types\/page"}],"author":[{"embeddable":true,"href":"http:\/\/spatzennest-heggen.de\/index.php?rest_route=\/wp\/v2\/users\/5"}],"replies":[{"embeddable":true,"href":"http:\/\/spatzennest-heggen.de\/index.php?rest_route=%2Fwp%2Fv2%2Fcomments&post=54"}],"version-history":[{"count":28,"href":"http:\/\/spatzennest-heggen.de\/index.php?rest_route=\/wp\/v2\/pages\/54\/revisions"}],"predecessor-version":[{"id":1176,"href":"http:\/\/spatzennest-heggen.de\/index.php?rest_route=\/wp\/v2\/pages\/54\/revisions\/1176"}],"up":[{"embeddable":true,"href":"http:\/\/spatzennest-heggen.de\/index.php?rest_route=\/wp\/v2\/pages\/229"}],"wp:attachment":[{"href":"http:\/\/spatzennest-heggen.de\/index.php?rest_route=%2Fwp%2Fv2%2Fmedia&parent=54"}],"curies":[{"name":"wp","href":"https:\/\/api.w.org\/{rel}","templated":true}]}}

Anmeldung / Öffnungszeiten

<h3><strong><u>Wir sind für Sie da:</u></strong></h3>
<p><strong>Montags bis Donnerstags von 7.00 bis 16.30 Uhr</strong></p>
<p><strong>Freitags von 7.00 bis 14.00 Uhr *</strong> (*abhängig von der gebuchten Stundenzahl)</p>
<p><strong> </strong></p>
<p><strong><u>Kindergarten &amp; Familienzentrum Spatzennest </u></strong></p>
<p>Ahauser Straße 20</p>
<p>57413 Finnentrop-Heggen</p>
<p>Telefon: 02721 &#8211; 50419</p>
<p>Internet: www.spatzennest-heggen.de</p>
<p>Email: <a href="mailto:info@spatzennest-heggen.de">info@spatzennest-heggen.de</a></p>
<h2><strong> Sie möchten ihr Kind bei uns anmelden</strong></h2>
<p>Unser Kindergartenjahr beginnt und endet jeweils zum 1. August. Eine verbindliche Anmeldung ist aber aus Gründen der Personalplanung bereits zum Ende des Vorjahres notwendig. Benötigen Sie jedoch kurzfristig, z. B. wegen eines Umzugs einen Platz, so lohnt es sich immer bei uns anzufragen. Die für die Anmeldung notwendigen Formulare (Anmeldeformular + 2 seitige Bedarfsanzeige) können Sie direkt bei uns im Spatzennest erhalten oder den folgenden Downloads entnehmen. Ihre Anmeldung geben Sie bitte im Kindergarten ab oder senden ihn uns per Email. Mitte November befassen sich der Vorstand, die Elternvertreter und Kindergartenleitung  mit der Belegung für den August des folgenden Jahres. Kinder, die berücksichtigt werden, erhalten anschließend eine schriftliche Bestätigung.</p>
<p>In einer ersten Informationsveranstaltung, im Dezember bekommen Sie von uns ein umfassendes Informationspaket , das Ihnen einen Einblick in die Welt des Kindergartenalltags gibt. Zu einem späteren Zeitpunkt laden wir Sie dann zu einem persönlichen Aufnahmegespräch, sowie zu den Treffen der &#8222;Krabbelkäfer&#8220; ein.</p>
<p>Der Kindergartenbeitrag richtet sich nach dem Einkommen der Eltern und wird vom Kreis Olpe festgelegt.</p>
<p>Als Mitglied in unserem Elternverein zahlt eine Familie jährlich 20,00 Euro, Alleinerziehende 10,00 Euro Beitrag (während der Zeit des Betreuungsvertrages werden Sie automatisch Mitglied).</p>
<h2><strong>Unser Betreuungsangebot:</strong></h2>
<p>Wir betreuen in unserem Kindergarten Kinder im Alter von 1,5 &#8211; 6 Jahren.</p>
<p><strong><u>25 Stunden Betreuungszeit:</u></strong></p>
<p><strong>Montag &#8211; Freitag 7.30 &#8211; 12.30 Uhr (Anzahl der Plätze ist begrenzt)</strong></p>
<p><strong><u>35 Stunden Betreuungszeit:</u></strong></p>
<p><strong>Montag- Freitag  7.00-14.00 Uhr (Blocköffnung mit Mittagessen/kein Mittagsschlaf/Anzahl der Plätze ist begrenzt)</strong></p>
<p><strong> <u>45 Stunden Betreuungszeit (mit Mittagessen und Mittagsschlaf):</u></strong></p>
<p><strong>Montag &#8211; Donnerstag 7.00 &#8211; 16.30 Uhr und </strong><strong> </strong><strong>Freitag  7.00 &#8211; 14.00 Uhr</strong></p>
<p>Sollten Ihnen Beginn und/oder Ende der Betreuungszeit nicht ausreichen bieten wir nach Absprache individuelle Lösungen an.</p>
<p>Die Buchungszeiten sind für die Dauer eines Kindergartenjahres (1.August- 30.Juli) verbindlich und können nur für das folgende Kindergartenjahr geändert werden.  Eine Änderung ist im Oktober/November der Leitung schriftl. mitzuteilen. Zwischenzeitliche Umbuchungen sind nicht möglich. Mit veränderten Umbuchungen sind stets Personalkapazitäten verbunden.</p>
<p>Wenn Sie Fragen zum Thema Anmeldung haben, stehen wir Ihnen gerne zur Verfügung. Schicken Sie uns einfach eine Email oder rufen Sie uns an.</p>
<p><a href="http://preview.spatzennest-heggen.de/wp-content/uploads/2024/05/Anmeldebogen-3.pdf"><strong>Hier finden Sie unsere Anmeldeformulare als Download</strong></a></p>
<p><a href="http://spatzennest-heggen.de/wp-content/uploads/2024/05/Bestaetigung-der-Bedarfsanzeige-fuer-Kita.pdf" target="_blank" rel="noopener">Hier finden Sie unser Bestätigung der Bedarfsanzeige für das Jugendamt als Download</a></p>

<p>Wir sind für Sie da: Montags bis Donnerstags von 7.00 bis 16.30 Uhr Freitags von 7.00 bis 14.00 Uhr * (*abhängig von der gebuchten Stundenzahl)   Kindergarten &amp; Familienzentrum Spatzennest Ahauser Straße 20 57413 Finnentrop-Heggen Telefon: 02721 &#8211; 50419 Internet: www.spatzennest-heggen.de Email: info@spatzennest-heggen.de  Sie möchten ihr Kind bei uns anmelden Unser Kindergartenjahr beginnt und endet jeweils zum [&hellip;]</p>
