{"id":1093,"date":"2024-05-10T07:53:08","date_gmt":"2024-05-10T07:53:08","guid":{"rendered":"http:\/\/spatzennest-heggen.de\/?page_id=1093"},"modified":"2024-05-29T09:52:15","modified_gmt":"2024-05-29T09:52:15","slug":"bistro","status":"publish","type":"page","link":"https:\/\/spatzennest-heggen.de\/?page_id=1093","title":{"rendered":"Bistro"},"content":{"rendered":"\n<p>In unserem Bistro wird t\u00e4glich das Mittagessen eingenommen. Zu bestimmten Anl\u00e4ssen wird hier gruppen\u00fcbergreifend gefr\u00fchst\u00fcckt. Das besondere an diesem Raum, hier k\u00f6nnen 3 Tische hochgeklappt werden, sodass dieser Raum auch f\u00fcr p\u00e4dagogische Angebot  genutzt werden kann.<\/p>\n\n\n\n<hr class=\"wp-block-separator has-alpha-channel-opacity\"\/>\n\n\n\n<div class='pnrm-viewer'><div class='box-main-interface' dir='ltr' style='text-align: left;'><div class='inside-ui' data-insert='on' style='display: none;'><a href='' class='custom-logo'><\/a><div class='pnrm-handle-move'><\/div><span class='pnrm-audio-icon icon-audio-off'><i class='fa-solid fa-volume-xmark'><\/i><\/span><span class='pnrm-audio-icon icon-audio-on'><i class='fa-solid fa-volume-high'><\/i><\/span><span class='pnrm-icon-go-back' title='Go Back'><i class='fa-solid fa-arrow-left'><\/i><\/span><\/div><div class='pnrm-div ' data-tour-id='1106' data-start-scene-id='' style='height: 500px; '><\/div><div class='info-overlay'> <div class='box-content'><p class='info-title'><\/p><img src='#' alt='info image' class='info-image'><\/div><span class='close-icon' title='close'><img src=https:\/\/spatzennest-heggen.de\/wp-content\/plugins\/panorom\/public\/img\/x.svg alt='close icon'><\/span><\/div><\/div><\/div>\n\n\n\n<hr class=\"wp-block-separator has-alpha-channel-opacity\"\/>\n\n\n\n<h2 class=\"wp-block-heading has-text-color\" style=\"color:#43972e\"><strong>Mehrzweckhalle<\/strong><\/h2>\n\n\n\n<p>Die Mehrzweckhalle verbindet den &#8222;Altbau&#8220; von 1990 mit dem &#8222;Neubau&#8220; von 2022. Von hier aus geht es zu den R\u00e4umlichkeiten der Nesth\u00fcpfer. Am Vormittag steht diese R\u00e4umlichkeit den Kindern als Spielfl\u00e4che zur Verf\u00fcgung. An Nachmittagen oder au\u00dferhalb der \u00d6ffnungszeiten wird diese Fl\u00e4che f\u00fcr Elternveranstaltungen genutzt.<\/p>\n\n\n\n<hr class=\"wp-block-separator has-alpha-channel-opacity\"\/>\n\n\n<div class='pnrm-viewer'><div class='box-main-interface' dir='ltr' style='text-align: left;'><div class='inside-ui' data-insert='on' style='display: none;'><a href='' class='custom-logo'><\/a><div class='pnrm-handle-move'><\/div><span class='pnrm-audio-icon icon-audio-off'><i class='fa-solid fa-volume-xmark'><\/i><\/span><span class='pnrm-audio-icon icon-audio-on'><i class='fa-solid fa-volume-high'><\/i><\/span><span class='pnrm-icon-go-back' title='Go Back'><i class='fa-solid fa-arrow-left'><\/i><\/span><\/div><div class='pnrm-div ' data-tour-id='1101' data-start-scene-id='' style='height: 500px; '><\/div><div class='info-overlay'> <div class='box-content'><p class='info-title'><\/p><img src='#' alt='info image' class='info-image'><\/div><span class='close-icon' title='close'><img src=https:\/\/spatzennest-heggen.de\/wp-content\/plugins\/panorom\/public\/img\/x.svg alt='close icon'><\/span><\/div><\/div><\/div>\n<p><\/p>\n\n\n<hr class=\"wp-block-separator has-alpha-channel-opacity\"\/>\n","protected":false},"excerpt":{"rendered":"<p>In unserem Bistro wird t\u00e4glich das Mittagessen eingenommen. Zu bestimmten Anl\u00e4ssen wird hier gruppen\u00fcbergreifend gefr\u00fchst\u00fcckt. Das besondere an diesem Raum, hier k\u00f6nnen 3 Tische hochgeklappt werden, sodass dieser Raum auch f\u00fcr p\u00e4dagogische Angebot genutzt werden kann. Mehrzweckhalle Die Mehrzweckhalle verbindet den &#8222;Altbau&#8220; von 1990 mit dem &#8222;Neubau&#8220; von 2022. Von hier aus geht es zu [&hellip;]<\/p>\n","protected":false},"author":3,"featured_media":0,"parent":60,"menu_order":4,"comment_status":"closed","ping_status":"closed","template":"","meta":{"footnotes":""},"class_list":["post-1093","page","type-page","status-publish","hentry"],"_links":{"self":[{"href":"https:\/\/spatzennest-heggen.de\/index.php?rest_route=\/wp\/v2\/pages\/1093","targetHints":{"allow":["GET"]}}],"collection":[{"href":"https:\/\/spatzennest-heggen.de\/index.php?rest_route=\/wp\/v2\/pages"}],"about":[{"href":"https:\/\/spatzennest-heggen.de\/index.php?rest_route=\/wp\/v2\/types\/page"}],"author":[{"embeddable":true,"href":"https:\/\/spatzennest-heggen.de\/index.php?rest_route=\/wp\/v2\/users\/3"}],"replies":[{"embeddable":true,"href":"https:\/\/spatzennest-heggen.de\/index.php?rest_route=%2Fwp%2Fv2%2Fcomments&post=1093"}],"version-history":[{"count":13,"href":"https:\/\/spatzennest-heggen.de\/index.php?rest_route=\/wp\/v2\/pages\/1093\/revisions"}],"predecessor-version":[{"id":1148,"href":"https:\/\/spatzennest-heggen.de\/index.php?rest_route=\/wp\/v2\/pages\/1093\/revisions\/1148"}],"up":[{"embeddable":true,"href":"https:\/\/spatzennest-heggen.de\/index.php?rest_route=\/wp\/v2\/pages\/60"}],"wp:attachment":[{"href":"https:\/\/spatzennest-heggen.de\/index.php?rest_route=%2Fwp%2Fv2%2Fmedia&parent=1093"}],"curies":[{"name":"wp","href":"https:\/\/api.w.org\/{rel}","templated":true}]}}