{"id":229,"date":"2017-04-19T07:30:01","date_gmt":"2017-04-19T07:30:01","guid":{"rendered":"http:\/\/preview.spatzennest-heggen.de\/?page_id=229"},"modified":"2024-05-15T07:20:34","modified_gmt":"2024-05-15T07:20:34","slug":"spatzennest","status":"publish","type":"page","link":"https:\/\/spatzennest-heggen.de\/?page_id=229","title":{"rendered":"Spatzennest"},"content":{"rendered":"<h1>Spatzennest Heggen<\/h1>\n<p>Als Kindergarten und Familienzentrum nehmen wir eine zentrale Rolle im Leben vieler Familien in Heggen und Umgebung ein. Mit unserem qualifizierten Team, bestehend aus zehn staatlich anerkannten Erzieherinnen einer Kinderpflegerin und einer Praktikantin im Anerkennungsjahr, bieten wir eine umfassende Betreuung der Kinder im Alter von 18 Monaten bis 6 Jahren, sowie zahlreiche Veranstaltungen f\u00fcr Eltern, Klein &#8211; und Schulkinder.<\/p>\n<p>Uns ist der pers\u00f6nliche Kontakt zu Kindern und Eltern wichtig. Dazu z\u00e4hlen f\u00fcr uns neben intensiver Kommunikation und Information zu allen Fragen der kindlichen Entwicklung und F\u00f6rderung auch viele Angebote zur kindgerechten Freizeitgestaltung, sowie Erziehung &#8211; und Lebenshilfe im Umgang mit\u00a0 Familien.<\/p>\n<p>Unser p\u00e4dagogisch qualifiziertes Personal besucht regelm\u00e4\u00dfig Fort &#8211; und Weiterbildungsveranstaltungen, denn die Erziehungsmethoden und &#8211; Ans\u00e4tze m\u00fcssen stets den aktuellen Entwicklungen des Umfeldes angepasst werden. Modernste Forschungserkenntnisse ber\u00fccksichtigen wir in unserer Arbeit und sehen uns als eine lehrende und lernende Institution.<\/p>\n<h2>Unsere Angebote im \u00dcberblick:<\/h2>\n<ul>\n<li>Tagespflege nach Absprache<\/li>\n<li>Randzeitbetreuung nach Bedarf<\/li>\n<li>Beratung zu Bildungsangeboten und Erziehungsarbeit<\/li>\n<li>Kooperation mit den Erziehungsberatungsstellen &#8222;Kompass&#8220; und &#8222;AufWind&#8220;<\/li>\n<li>Kurse f\u00fcr Eltern und Kind<\/li>\n<li>Vater-Kind-Aktionen<\/li>\n<li>Kreativangebote f\u00fcr Familien<\/li>\n<li>Spielkreis der &#8222;Krabbelk\u00e4fer&#8220;<\/li>\n<li>Abendseminare f\u00fcr erzieherische Hilfen<\/li>\n<li>M\u00f6glichkeit der Hospitation<\/li>\n<li>Vermittlung von Deutschsprachkursen<\/li>\n<li>Vermittlung an Kooperationspartnern mit individueller Beratung<\/li>\n<\/ul>\n<h2>R\u00e4umlich, die besten Voraussetzungen:<\/h2>\n<ul>\n<li>Zentrale und ruhige Lage in Heggen<\/li>\n<li>Drei Gruppenr\u00e4ume mit jeweils angegliedertem Nebenraum<\/li>\n<li>Behindertengerechte barrierefreie Bauweise<\/li>\n<li>Gro\u00dfer Eingangsbereich mit einer zweiten Spielebene<\/li>\n<li>Mehrzweckraum f\u00fcr Bewegungsangebote<\/li>\n<li>Gro\u00dfz\u00fcgige Eingangsbereiche<\/li>\n<li>K\u00fcche mit angrenzendem Speiseraum\/Bistro<\/li>\n<li>2 Wickelr\u00e4ume<\/li>\n<li>3 Schlafbereiche f\u00fcr Kinder unter 3 Jahre<\/li>\n<li>2 Seminarr\u00e4ume<\/li>\n<li>B\u00fcro<\/li>\n<li>Erlebnisreicher Spielplatz<\/li>\n<\/ul>\n<p>Der\u00a0Erweiterungsbau wurde 2015 fertig gestellt. In 2015\/2016 wurden alle R\u00e4umlichkeiten renoviert und sicherheitstechnisch auf \u00a0modernsten Standard gebracht.<\/p>\n<p>Einen weiteren Bauabschnitt hat es in den Jahren 2021\/2022 gegeben. Die Einrichtung hat sich auf 3 Gruppen erweitert und verf\u00fcgt nun auch \u00fcber eine U3 Gruppe f\u00fcr Kinder ab ca. 18 Monaten.<\/p>\n","protected":false},"excerpt":{"rendered":"<p>Spatzennest Heggen Als Kindergarten und Familienzentrum nehmen wir eine zentrale Rolle im Leben vieler Familien in Heggen und Umgebung ein. Mit unserem qualifizierten Team, bestehend aus zehn staatlich anerkannten Erzieherinnen einer Kinderpflegerin und einer Praktikantin im Anerkennungsjahr, bieten wir eine umfassende Betreuung der Kinder im Alter von 18 Monaten bis 6 Jahren, sowie zahlreiche Veranstaltungen [&hellip;]<\/p>\n","protected":false},"author":5,"featured_media":0,"parent":0,"menu_order":1,"comment_status":"closed","ping_status":"closed","template":"","meta":{"footnotes":""},"class_list":["post-229","page","type-page","status-publish","hentry"],"_links":{"self":[{"href":"https:\/\/spatzennest-heggen.de\/index.php?rest_route=\/wp\/v2\/pages\/229","targetHints":{"allow":["GET"]}}],"collection":[{"href":"https:\/\/spatzennest-heggen.de\/index.php?rest_route=\/wp\/v2\/pages"}],"about":[{"href":"https:\/\/spatzennest-heggen.de\/index.php?rest_route=\/wp\/v2\/types\/page"}],"author":[{"embeddable":true,"href":"https:\/\/spatzennest-heggen.de\/index.php?rest_route=\/wp\/v2\/users\/5"}],"replies":[{"embeddable":true,"href":"https:\/\/spatzennest-heggen.de\/index.php?rest_route=%2Fwp%2Fv2%2Fcomments&post=229"}],"version-history":[{"count":8,"href":"https:\/\/spatzennest-heggen.de\/index.php?rest_route=\/wp\/v2\/pages\/229\/revisions"}],"predecessor-version":[{"id":1164,"href":"https:\/\/spatzennest-heggen.de\/index.php?rest_route=\/wp\/v2\/pages\/229\/revisions\/1164"}],"wp:attachment":[{"href":"https:\/\/spatzennest-heggen.de\/index.php?rest_route=%2Fwp%2Fv2%2Fmedia&parent=229"}],"curies":[{"name":"wp","href":"https:\/\/api.w.org\/{rel}","templated":true}]}}

<h1>Spatzennest Heggen</h1>
<p>Als Kindergarten und Familienzentrum nehmen wir eine zentrale Rolle im Leben vieler Familien in Heggen und Umgebung ein. Mit unserem qualifizierten Team, bestehend aus zehn staatlich anerkannten Erzieherinnen einer Kinderpflegerin und einer Praktikantin im Anerkennungsjahr, bieten wir eine umfassende Betreuung der Kinder im Alter von 18 Monaten bis 6 Jahren, sowie zahlreiche Veranstaltungen für Eltern, Klein &#8211; und Schulkinder.</p>
<p>Uns ist der persönliche Kontakt zu Kindern und Eltern wichtig. Dazu zählen für uns neben intensiver Kommunikation und Information zu allen Fragen der kindlichen Entwicklung und Förderung auch viele Angebote zur kindgerechten Freizeitgestaltung, sowie Erziehung &#8211; und Lebenshilfe im Umgang mit  Familien.</p>
<p>Unser pädagogisch qualifiziertes Personal besucht regelmäßig Fort &#8211; und Weiterbildungsveranstaltungen, denn die Erziehungsmethoden und &#8211; Ansätze müssen stets den aktuellen Entwicklungen des Umfeldes angepasst werden. Modernste Forschungserkenntnisse berücksichtigen wir in unserer Arbeit und sehen uns als eine lehrende und lernende Institution.</p>
<h2>Unsere Angebote im Überblick:</h2>
<ul>
<li>Tagespflege nach Absprache</li>
<li>Randzeitbetreuung nach Bedarf</li>
<li>Beratung zu Bildungsangeboten und Erziehungsarbeit</li>
<li>Kooperation mit den Erziehungsberatungsstellen &#8222;Kompass&#8220; und &#8222;AufWind&#8220;</li>
<li>Kurse für Eltern und Kind</li>
<li>Vater-Kind-Aktionen</li>
<li>Kreativangebote für Familien</li>
<li>Spielkreis der &#8222;Krabbelkäfer&#8220;</li>
<li>Abendseminare für erzieherische Hilfen</li>
<li>Möglichkeit der Hospitation</li>
<li>Vermittlung von Deutschsprachkursen</li>
<li>Vermittlung an Kooperationspartnern mit individueller Beratung</li>
</ul>
<h2>Räumlich, die besten Voraussetzungen:</h2>
<ul>
<li>Zentrale und ruhige Lage in Heggen</li>
<li>Drei Gruppenräume mit jeweils angegliedertem Nebenraum</li>
<li>Behindertengerechte barrierefreie Bauweise</li>
<li>Großer Eingangsbereich mit einer zweiten Spielebene</li>
<li>Mehrzweckraum für Bewegungsangebote</li>
<li>Großzügige Eingangsbereiche</li>
<li>Küche mit angrenzendem Speiseraum/Bistro</li>
<li>2 Wickelräume</li>
<li>3 Schlafbereiche für Kinder unter 3 Jahre</li>
<li>2 Seminarräume</li>
<li>Büro</li>
<li>Erlebnisreicher Spielplatz</li>
</ul>
<p>Der Erweiterungsbau wurde 2015 fertig gestellt. In 2015/2016 wurden alle Räumlichkeiten renoviert und sicherheitstechnisch auf  modernsten Standard gebracht.</p>
<p>Einen weiteren Bauabschnitt hat es in den Jahren 2021/2022 gegeben. Die Einrichtung hat sich auf 3 Gruppen erweitert und verfügt nun auch über eine U3 Gruppe für Kinder ab ca. 18 Monaten.</p>
